22
What is the remainder when 47420 is divided by 78?
74
Calculate the remainder when 1077219 is divided by 34.
31
Calculate the remainder when 52381 is divided by 8730.
1
What is the remainder when 1270 is divided by 12?
10
What is the remainder when 17544 is divided by 17542?
2
Calculate the remainder when 29212 is divided by 157.
10
Calculate the remainder when 3517 is divided by 8.
5
What is the remainder when 656 is divided by 205?
41
What is the remainder when 48980 is divided by 3498?
8
What is the remainder when 316719 is divided by 20?
19
What is the remainder when 7165 is divided by 34?
25
What is the remainder when 73616 is divided by 37?
23
What is the remainder when 10412 is divided by 1486?
10
Calculate the remainder when 103870 is divided by 11.
8
What is the remainder when 13280 is divided by 473?
36
Calculate the remainder when 12809 is divided by 4269.
2
Calculate the remainder when 836348 is divided by 264.
260
Calculate the remainder when 11214 is divided by 1602.
0
What is the remainder when 4547 is divided by 4?
3
Calculate the remainder when 22379 is divided by 121.
115
What is the remainder when 17826 is divided by 131?
10
Calculate the remainder when 18132 is divided by 83.
38
Calculate the remainder when 622960 is divided by 155735.
20
Calculate the remainder when 1547 is divided by 42.
35
What is the remainder when 23080 is divided by 194?
188
What is the remainder when 672 is divided by 370?
302
What is the remainder when 218836 is divided by 21883?
6
What is the remainder when 652652 is divided by 72515?
17
What is the remainder when 65618 is divided by 197?
17
What is the remainder when 214 is divided by 121?
93
What is the remainder when 67810 is divided by 100?
10
Calculate the remainder when 37788 is divided by 1055.
863
What is the remainder when 4114 is divided by 33?
22
Calculate the remainder when 2598 is divided by 108.
6
What is the remainder when 2563 is divided by 435?
388
What is the remainder when 1707 is divided by 340?
7
What is the remainder when 20549 is divided by 321?
5
Calculate the remainder when 2040597 is divided by 14.
13
What is the remainder when 74211 is divided by 217?
214
Calculate the remainder when 12174 is divided by 2003.
156
What is the remainder when 7115 is divided by 155?
140
What is the remainder when 32634 is divided by 28?
14
Calculate the remainder when 39000 is divided by 34.
2
Calculate the remainder when 11389 is divided by 651.
322
Calculate the remainder when 2698 is divided by 263.
68
Calculate the remainder when 182411 is divided by 60802.
5
Calculate the remainder when 29168 is divided by 40.
8
Calculate the remainder when 2070 is divided by 14.
12
Calculate the remainder when 342720 is divided by 25.
20
Calculate the remainder when 1194254 is divided by 61.
57
Calculate the remainder when 8214 is divided by 82.
14
What is the remainder when 513909 is divided by 532?
529
What is the remainder when 56392 is divided by 100?
92
What is the remainder when 3959 is divided by 338?
241
What is the remainder when 4122 is divided by 4?
2
Calculate the remainder when 48115 is divided by 776.
3
What is the remainder when 23470 is divided by 7?
6
What is the remainder when 61197 is divided by 10?
7
Calculate the remainder when 5902 is divided by 2844.
214
Calculate the remainder when 7499 is divided by 62.
59
Calculate the remainder when 21741 is divided by 66.
27
Calculate the remainder when 68773 is divided by 314.
7
Calculate the remainder when 7328 is divided by 731.
18
What is the remainder when 2597 is divided by 561?
353
Calculate the remainder when 10346 is divided by 109.
100
Calculate the remainder when 388 is divided by 314.
74
Calculate the remainder when 5927 is divided by 491.
35
Calculate the remainder when 3195 is divided by 964.
303
Calculate the remainder when 2331 is divided by 463.
16
What is the remainder when 3965 is divided by 179?
27
Calculate the remainder when 36689 is divided by 355.
124
What is the remainder when 3673880 is divided by 41?
34
Calculate the remainder when 4206 is divided by 316.
98
What is the remainder when 13615 is divided by 29?
14
Calculate the remainder when 1755778 is divided by 15.
13
What is the remainder when 10502 is divided by 1728?
134
Calculate the remainder when 11542 is divided by 1153.
12
What is the remainder when 69829 is divided by 26?
19
Calculate the remainder when 6716 is divided by 129.
8
What is the remainder when 782749 is divided by 31?
30
Calculate the remainder when 196178 is divided by 29.
22
What is the remainder when 695127 is divided by 23?
21
What is the remainder when 320829 is divided by 9?
6
What is the remainder when 182102 is divided by 542?
532
Calculate the remainder when 6160 is divided by 3080.
0
What is the remainder when 1574 is divided by 63?
62
Calculate the remainder when 74592 is divided by 2331.
0
What is the remainder when 45490 is divided by 7570?
70
What is the remainder when 601 is divided by 33?
7
What is the remainder when 39762 is divided by 39757?
5
What is the remainder when 3983 is divided by 368?
303
Calculate the remainder when 2654 is divided by 2466.
188
What is the remainder when 1735545 is divided by 246?
15
Calculate the remainder when 502 is divided by 272.
230
Calculate the remainder when 561 is divided by 559.
2
What is the remainder when 2091 is divided by 266?
229
What is the remainder when 129397 is divided by 68?
61
Calculate the remainder when 719088 is divided by 7.
6
Calculate the remainder when 51746 is divided by 69.
65
What is the remainder when 494 is divided by 107?
66
Calculate the remainder when 932 is divided by 416.
100
What is the remainder when 45 is divided by 37?
8
What is the remainder when 4237 is divided by 233?
43
Calculate the remainder when 179327 is divided by 35.
22
What is the remainder when 758 is divided by 116?
62
What is the remainder when 961 is divided by 910?
51
What is the remainder when 27843 is divided by 752?
19
Calculate the remainder when 3173 is divided by 72.
5
What is the remainder when 600945 is divided by 53?
31
What is the remainder when 28248 is divided by 1861?
333
What is the remainder when 30948 is divided by 10309?
21
What is the remainder when 3374 is divided by 824?
78
What is the remainder when 1666 is divided by 286?
236
Calculate the remainder when 3124 is divided by 92.
88
What is the remainder when 387 is divided by 57?
45
What is the remainder when 24768 is divided by 3079?
136
Calculate the remainder when 580983 is divided by 105.
18
Calculate the remainder when 4144 is divided by 1359.
67
What is the remainder when 263238 is divided by 345?
3
Calculate the remainder when 105598 is divided by 105595.
3
What is the remainder when 7545 is divided by 443?
14
What is the remainder when 56299 is divided by 277?
68
What is the remainder when 64232 is divided by 223?
8
Calculate the remainder when 4055 is divided by 1338.
41
What is the remainder when 23531 is divided by 85?
71
What is the remainder when 2320 is divided by 264?
208
What is the remainder when 85499 is divided by 1474?
7
What is the remainder when 1092038 is divided by 546019?
0
What is the remainder when 60033 is divided by 80?
33
What is the remainder when 90656 is divided by 286?
280
Calculate the remainder when 4030208 is divided by 183.
182
Calculate the remainder when 1166 is divided by 292.
290
Calculate the remainder when 616465 is divided by 77.
3
What is the remainder when 54465 is divided by 18139?
48
Calculate the remainder when 1007197 is divided by 6.
1
Calculate the remainder when 216532 is divided by 551.
540
Calculate the remainder when 10430 is divided by 3394.
248
Calculate the remainder when 17433 is divided by 1584.
9
Calculate the remainder when 36363 is divided by 146.
9
What is the remainder when 188142 is divided by 26877?
3
Calculate the remainder when 419 is divided by 144.
131
Calculate the remainder when 312259 is divided by 72.
67
Calculate the remainder when 230238 is divided by 614.
602
What is the remainder when 2196 is divided by 2146?
50
What is the remainder when 92 is divided by 2?
0
What is the remainder when 210841 is divided by 764?
741
What is the remainder when 3116570 is divided by 9?
5
Calculate the r